{"id":1194,"date":"2016-03-31T06:58:11","date_gmt":"2016-03-31T06:58:11","guid":{"rendered":"http:\/\/pmi-osijek.com\/?page_id=1194"},"modified":"2016-05-17T12:38:32","modified_gmt":"2016-05-17T12:38:32","slug":"pmidayz-003-predavanja-i-predavaci","status":"publish","type":"page","link":"https:\/\/pmi-osijek.com\/?page_id=1194","title":{"rendered":"PMIDayz 003 predavanja i predava\u010di"},"content":{"rendered":"<p id=\"IvanPretkonf\" style=\"text-align: justify;\">Za\u0161to je direktor odabrao ba\u0161 nju za tajnicu?<br \/>\nKako razgovarati sa \u017eenom kada mi nije do razgovora?<br \/>\n\u010cija majka crnu vunu prede?<\/p>\n<p style=\"text-align: justify;\">Odgovore na ta i mnoga druga pitanja mo\u017eete na\u0107i na cjelodnevnoj radionici pod nazivom:<\/p>\n<h2><strong>Klasi\u010dno:<\/strong> Komunikacija \u2013 motivacija i tim \u2013 zahtjevne situacije<br \/>\n<strong>IT-jevski:<\/strong> Hardware &amp; BIOS \u2013 programi i kolaboracija \u2013 user experience<br \/>\n<strong>Poeti\u010dno:<\/strong> \u0160to nam je \u201eBog dao\u201c i \u0161to smo s tim napravili \u2013 s kim smo takvi smo &#8211; za ljubav je potrebno dvoje<\/h2>\n<p style=\"text-align: justify;\">Svijet se mijenja strelovitom brzinom. Sve je postalo brzo, povezano, umre\u017eeno. Svi samo govore o kolaboraciji, oblaku, matri\u010dnim organizacijama,&#8230; Sve to donosi nove izazove i otvara nova pitanja. Neke od odgovora na te izazove mo\u017eete prona\u0107i na radionici koja na prakti\u010dan na\u010din obra\u0111uje tri povezane cjeline:<\/p>\n<ul>\n<li style=\"text-align: justify;\"><strong>Hardware &amp; BIOS<\/strong> tj. kako mozak funkcionira i koji su na\u0161i glavni komunikacijski obrasci. Ovo je bazi\u010dna tema i bez nje bilo koji rad s ljudima ne mo\u017ee biti do kraja u\u010dinkovit. Razgovori za posao, pregovori, dogovori, prezentacije, odnosi sa \u0161efovima, suradnicima, partnerima, djecom,&#8230;. Sve ovo ovisi o tome? Da ba\u0161 sve!<\/li>\n<li style=\"text-align: justify;\"><strong>Programi i kolaboracija<\/strong> \u2013 tu \u0107emo obraditi niz obrazaca koje koristimo u svakodnevnom radu i komunikaciji. Prepoznavanjem ovih obrazaca mo\u017eemo u nekoliko minuta dobiti osnovne smjernice u tome \u0161to i kako motivira nekoga, kako \u0107e se pona\u0161ati i reagirati u odre\u0111enim situacijama,&#8230; <strong>LAB profil<\/strong> (Language and Behavior profile) koristim u intervjuima prilikom zapo\u0161ljavanja, u vo\u0111enju tima (kod motivacije i raspodjele zadataka) a u treninzima naj\u010de\u0161\u0107e koristim za polaznike koji se bave vo\u0111enjem i prodajom.<\/li>\n<li style=\"text-align: justify;\"><strong>User experience<\/strong> \u2013 je zavr\u0161ni dio u kojem \u0107emo se baviti komunikacijom u zahtjevnim situacijama. Svi smo mi \u201edobri, lijepi i pametni\u201c ali \u0161to se doga\u0111a u situacijama kada je frka. Istra\u017eivanja su pokazala da najlo\u0161ije komuniciramo kada nam je najva\u017enije. Razgovori za posao, pregovori, prezentacija pred upravom, sva\u0111a sa uku\u0107anima. Dok nije frka, sve ide kao podmazano i onda kad je stvarno va\u017eno ne\u0161to se dogodi i to nije to. Razlika onih najboljih i svih ostalih je u tome da su najbolji stvarno dobri kada je to najpotrebnije, kad je frka. \u0160to se s nama doga\u0111a u tim situacijama i \u0161to tada mo\u017eemo napraviti je tema zavr\u0161nog dijela.<\/li>\n<\/ul>\n<p style=\"text-align: justify;\">Radionica je organizirana tako vam omogu\u0107i konkretnu primjenu vrhunskih komunikacijskih alata u va\u0161im krucijalnim situacijama. Fokus je na primjeni u razli\u010ditim \u017eivotnim situacijama s konkretnim primjerima iz prakse.<\/p>\n<p style=\"text-align: justify;\"><a href=\"http:\/\/pmi-osijek.com\/wp-content\/uploads\/2016\/03\/IvanPetric.png\" rel=\"attachment wp-att-1197\"><img loading=\"lazy\" decoding=\"async\" class=\"alignleft wp-image-1197 size-thumbnail\" src=\"http:\/\/pmi-osijek.com\/wp-content\/uploads\/2016\/03\/IvanPetric-150x150.png\" alt=\"IvanPetric\" width=\"150\" height=\"150\" \/><\/a><strong>Ivan Petri\u0107, trener, savjetnik i coach<\/strong><br \/>\nGeodeziju sam diplomirao 1989. godine na Geodetskom fakultetu u Zagrebu. Pored rada u struci radio sam i kao profesor u srednjoj \u0161koli, savjetnik za osobni razvoj, direktor kadrovske slu\u017ebe \u2013 Human Resource Manager u Magmi d.o.o\u2026<br \/>\nOd 1997. godine intenzivno se bavim NLP-ijem i svakodnevno ga primjenjujem u privatnom i poslovnom \u017eivotu.\u00a0 Koristim ga na treninzima, coachinzima, u radu s grupama i sa samim sobom.<\/p>\n<p>Treninzi i radionice koje volim poha\u0111ati trebaju biti:<br \/>\n<strong>&#8211;<\/strong> korisni i primjenjivi \u2013 jer bez toga u njih ne treba investirati ni vrijeme ni novac<br \/>\n<strong>&#8211;<\/strong> interesantni \u2013 jer onda ne zaspim<br \/>\n<strong>&#8211;<\/strong> zabavni \u2013 jer tako lak\u0161e u\u010dim i zaboravim na stolicu koja \u017eulja<\/p>\n<p style=\"text-align: justify;\">Kako je to kada ih ja vodim mo\u017eete saznati 20.05.2016.<\/p>\n<p>Ako \u017eelite saznati ne\u0161to vi\u0161e o NLPu i tome \u0161to ja radim posjetite:<br \/>\n<a href=\"http:\/\/www.nlpcentar.hr\/\" target=\"_blank\">http:\/\/www.nlpcentar.hr\/<\/a><br \/>\n<a href=\"http:\/\/www.ivanpetric.com\/reference\/\" target=\"_blank\">http:\/\/www.ivanpetric.com\/reference\/<\/a><\/p>\n<hr \/>\n<h2 id=\"BelaDenis\"><strong>Upravljanje projektima za rast zajednice<br \/>\n<\/strong><\/h2>\n<p style=\"text-align: justify;\">Osijek Software City je udruga koja okuplja preko 30 lokalnih tvrtki koje si primarno bave razvojem softvera. Od nastanka 2012. aktivno radi na promicanju struke i pobolj\u0161anju obrazovnih programa. Kroz ve\u0107i broj projekata kontinuirano razvija kvalitetu i brojnost \u010dlanica, i predstavlja Osijek kao atraktivno odredi\u0161te za nove i postoje\u0107e IT tvrtke. Kroz &#8220;svje\u017ei&#8221; slu\u010daj organizacije Osijek Mini Maker Faire-a obja\u0161njavamo kako se otvarao potpuno novi segment u radu udruge, te kako smo u vrlo kratkom vremenu uspjeli ostvariti sinergiju dotad potpuno nepovezanih zajednica i organizirati uspje\u0161nu konferenciju u vrlo kratkom vremenu, kao i koje benefite to donosi.<\/p>\n<p style=\"text-align: justify;\"><strong style=\"text-align: justify;\"><a href=\"http:\/\/pmi-osijek.com\/wp-content\/uploads\/2016\/05\/Bela.jpg\"><img loading=\"lazy\" decoding=\"async\" class=\"size-full wp-image-1424 alignleft\" src=\"http:\/\/pmi-osijek.com\/wp-content\/uploads\/2016\/05\/Bela.jpg\" alt=\"Bela\" width=\"150\" height=\"150\" \/><\/a>Bela Ikoti\u0107, Osijek Software City, BIOS<br \/>\n<\/strong>U BIOS-u, kao koordinator projekata u tehnolo\u0161kom odjelu, zadu\u017een je za organizaciju, planiranje i upravljanje poslovnim procesima. Organizaciju i upravljanje ljudskim resursima. Kreiranje i upravljanje projektima. Uspostavljanje i odr\u017eavanje odnosa s dionicima iz poslovanja, javnih i nevladinih organizacija sektora, te suradnju s me\u0111unarodnim organizacijama i institucijama.<br \/>\nKao glavni tajnik udruge Osijek Software City zadu\u017een je za organizaciju, sudjelovanje i planiranje projektne strategije. Tako\u0111er je odgovoran za koordinaciju i vo\u0111enje udruge Osijek Software City.<\/p>\n<p style=\"text-align: justify;\"><strong><a href=\"http:\/\/pmi-osijek.com\/wp-content\/uploads\/2016\/05\/DenisSusac.jpg\"><img loading=\"lazy\" decoding=\"async\" class=\"size-full wp-image-1419 alignleft\" src=\"http:\/\/pmi-osijek.com\/wp-content\/uploads\/2016\/05\/DenisSusac-e1463420484738.jpg\" alt=\"DenisSusac\" width=\"150\" height=\"134\" \/><\/a>Denis Su\u0161ac, Mono, Osijek<\/strong><br \/>\nDenis Su\u0161ac je programer u du\u0161i, po struci magistar ra\u010dunalnih znanosti, a po zanimanju direktor softverske tvrtke Mono iz Osijeka. Ima preko 20 godina iskustva u profesionalnom razvoju softvera. Uvijek u potrazi za novim izazovima, trenutno je dio tima talentiranih developera, dizajnera i testera koji rade na izradi inovativnog sustava za brzi razvoj mobilnih i web aplikacija. Aktivan je \u010dlan i biv\u0161i predsjednik udruge Osijek Software City koja radi na promicanju IT zanimanja i znanja.<\/p>\n<hr \/>\n<h2 id=\"BorisSakac\"><strong>Boris Saka\u010d<\/strong><\/h2>\n<p style=\"text-align: justify;\"><a href=\"http:\/\/pmi-osijek.com\/wp-content\/uploads\/2016\/03\/BorisSakac.png\"><img loading=\"lazy\" decoding=\"async\" class=\"size-full wp-image-1391 alignleft\" src=\"http:\/\/pmi-osijek.com\/wp-content\/uploads\/2016\/03\/BorisSakac.png\" alt=\"BorisSakac\" width=\"142\" height=\"208\" \/><\/a>Ro\u0111en 3.7.1945 u Zagrebu, gdje se i \u0161kolovao, te diplomirao u sije\u010dnju 1967 godine na Ekonomskom Fakultetu Sveu\u010dili\u0161ta u Zagrebu.<\/p>\n<p style=\"text-align: justify;\"><strong>1968-1980 IBM (INTERTRADE-OOUR Zastupstvo IBM) Zagreb, Radovljica<\/strong><br \/>\n1975-1978 Direktor IBM-a za Hrvatsku.<br \/>\n1978-1979 Rukovoditelj razvoja i primjene Informacijskog Sustava Mediteranskih Igara 1979 Split.<br \/>\n<strong>1980-1987 SRCE, Sveu\u010dili\u0161ni Ra\u010dunski Centar, Zagreb<\/strong><br \/>\n1980-1987 Rukovoditelj razvoja i primjene Informacijskih sustava <strong>Zimske Olimpijade Sarajevo 1984<\/strong>, obrade rezultata na Olimpijskim Igrama <strong>Los Angeles 1984<\/strong>, Rukovoditelj projekta kompjuterizacije <strong>Goodwill Games Moskva 1986<\/strong>, Rukovoditelj elektroni\u010dke tehnologije <strong>Univerzijade&#8217; 87 Zagreb<\/strong> (Informatika i Telekomunikacije).<br \/>\n<strong>1987-1991 CAOP, Centar za Automatsku Obradu Podataka Grada Zagreba (danas APIS)<\/strong><br \/>\n1987-1991 Direktor CAOP-a Grada Zagreba, koordinator projekta informatizacije poreskog sustava RH<br \/>\n1987-1991 Savjetnik Organizacijskih Komiteta Olimpijskih Igara <strong>Calgary, 1988; Seoul, 1988 i Barcelona, 1992<\/strong> za informatiku<br \/>\n<strong>1991-\u00a0\u00a0\u00a0\u00a0\u00a0\u00a0 ADASIT d.o.o. Zagreb \/ MOK &#8211; Me\u0111unarodni Olimpijski Komitet, Lausanne<\/strong><br \/>\n1991-1992 Koordinator primjene Rezultatskog Informacijskog Sustava Olimpijskih Igara Barcelona 1992.<br \/>\n1993 Savjetnik Me\u0111unarodnog Olimpijskog Komiteta za Informacijsku Tehnologiju zadu\u017een za nadgledanje priprema Informati\u010dkih sustava Olimpijskih Igara (<strong>1994 &#8211; Lillehammer, 1996 &#8211; Atlanta; 1998 &#8211; Nagano; 2000 &#8211; Sydney; 2002 &#8211; Salt Lake City; 2004 &#8211; Atena; 2006 &#8211; Torino, 2008 \u2013 Beijing; 2010 &#8211; Vancouver<\/strong>)<br \/>\n1994-2009 Direktor projekta ORIS (Olympic Results and Information Services) u kojem u\u010destvuju MOK, sve Medjunarodne sportske federacije te predstavnici sredstava masovnog informiranja. U tom se projektu definiraju standardi za informati\u010dku podr\u0161ku velikih sportskih natjecanja. Osim izrade i odr\u017eavanja standarda ORIS tim prije Igara sudjeluje u testiranju\/provjeri da li informati\u010dka rje\u0161enja odgovaraju ORIS standardima (t.zv. homologizacija), te nadgleda rad Informati\u010dke Tehnologije na samim Olimpijskim Igrama.<\/p>\n<hr \/>\n<h2 id=\"Adrian\"><strong><span style=\"color: #ff0000;\">Neuro<\/span>Leadership \u2013 Tajne mozga koje odre\u0111uju<br \/>\nprofesionalnu i menad\u017eersku efikasnost<\/strong><\/h2>\n<p style=\"text-align: justify;\">Kako kod suradnika aktivirati maksimalni kreativni potencijal? Kako ostvariti suradnju u kojoj suradnici aktivno tra\u017ee najbolja rje\u0161enja, otvoreno komuniciraju i posve\u0107eni su zajedni\u010dkom uspjehu? Kako pokrenuti kvalitetne promjene u timu, organizaciji ili u vlastitom \u017eivotu i ustrajati u odr\u017eavanju pozitivnih promjena?<br \/>\nZa svakog od nas klju\u010dno je pove\u0107ati sposobnost utjecanja na kolege i suradnike na konstruktivan i motiviraju\u0107i na\u010din. Za to moramo razumjeti kako ljudski mozak radi, sura\u0111uje, donosi odluke, te se nosi sa stresom i promjenama.<br \/>\nNeuroleadership je interdisciplinarno podru\u010dje koje istra\u017euje neuro-fiziolo\u0161ku osnovu vo\u0111enja tima, upravljanja promjenama, timskog rada, suradnje, komunikacije, dono\u0161enja odluka, te na temelju tih otkri\u0107a razvija nova, prakti\u010dna rje\u0161enja za svakog profesionalca koji \u017eeli podi\u0107i svoju razinu poslovne efikasnosti.<br \/>\nUpoznajte na predavanju tajne o Va\u0161em mozgu koje skriveno upravljaju va\u0161im radom, odnosima i produktivno\u0161\u0107u, kao i nove, prakti\u010dne alate za pove\u0107anje utjecaja i oslobo\u0111enje potencijala u suradnji.<\/p>\n<p style=\"text-align: justify;\"><strong><a href=\"http:\/\/pmi-osijek.com\/wp-content\/uploads\/2016\/03\/AdrianDrempeticPic.jpg\" rel=\"attachment wp-att-1223\"><img loading=\"lazy\" decoding=\"async\" class=\"size-full wp-image-1223 alignleft\" src=\"http:\/\/pmi-osijek.com\/wp-content\/uploads\/2016\/03\/AdrianDrempeticPic.jpg\" alt=\"AdrianDrempetic\" width=\"136\" height=\"161\" \/><\/a>Adrian Drempeti\u0107, profesor psihologije, soft-skills trener, life-coach, kreativan inovator, autor Neuro-business edukacija, Brain-fitness programa<br \/>\n<\/strong>Ro\u0111en 05.09.1973. u Gross-Gerau, Njema\u010dka, diplomirani je psiholog Filozofskog Fakulteta Sveu\u010dili\u0161ta u Zagrebu sa te\u017ei\u0161tem na organizacijskoj psihologiji i psihologiji obrazovanja.<br \/>\nKao stru\u010dnjak i konzultant za razvoj rukovodnog kadra i implementaciju prodajnih procesa, kroz zadnjih 13 godina vodio je brojne projekte razvoja menad\u017ementa, razvoja prodajnog osoblja, projekte strukturiranja prodajnih procesa u bankama, te edukacija internih trenera prodajnih vje\u0161tina, kod cijelog niza vode\u0107ih tvrtki u Austriji, Hrvatskoj i Bosni i Hercegovini, izme\u0111u ostalog Siemens d.d., VB Leasing, Raiffeisen International, Raiffeisen Banka Bosna i Hercegovina, Societe Generalle Splitska Banka, Vaba d.d. Banka Vara\u017edin, ostvaruju\u0107i izvrsne rezultate sa svoje klijente na svim pokrenutim projektima.<br \/>\nDirektor dviju tvrtki IDEA Edukacije d.o.o. i IDEA Instrukcije d.o.o.<\/p>\n<hr \/>\n<h2 id=\"Dario\"><strong>Agilna organizacija u velikim kompanijama<\/strong><\/h2>\n<p style=\"text-align: justify;\">Velike kompanije kontinuirano tra\u017ee na\u010dine da kvalitetnije odgovore zahtjevima tr\u017ei\u0161ta, ustvari htjele bi biti konkurentnije i profitabilnije, ili popularno agilne. Na predavanju \u0107emo diskutirati o izazovima transformacije u agilno iz perspektive PMO-a u velikim\u00a0 kompanijama, i organizacijskim promjenama koje su potrebne kako bi kompanije postale konkurentnije.<\/p>\n<p style=\"text-align: justify;\">Tako\u0111er na predavanju \u0107emo prodiskutirati iskustava na uspostavi projektne organizacije koju smo gradili od nule u dinami\u010dnoj okolini, na projektu uspostave IT infrastrukture na projektu Baku-1st European Games u Azerbajd\u017eanu, i koliko smo bili agilni ili ne \ud83d\ude42<\/p>\n<p style=\"text-align: justify;\"><a href=\"http:\/\/pmi-osijek.com\/wp-content\/uploads\/2016\/03\/DarioNovakovic.jpg\" rel=\"attachment wp-att-1201\"><img loading=\"lazy\" decoding=\"async\" class=\"size-thumbnail wp-image-1201 alignleft\" src=\"http:\/\/pmi-osijek.com\/wp-content\/uploads\/2016\/03\/DarioNovakovic-150x150.jpg\" alt=\"DarioNovakovic\" width=\"150\" height=\"150\" \/><\/a><strong>Dario Novakovi\u0107<br \/>\n<\/strong>Dario Novakovi\u0107 je osniva\u010d i direktor tvrtke Proteron Consulting, koja se bavi uslugama i rje\u0161enjima za upravljanje projektima i inovacijama u organizaciji. Ima vi\u0161e od 15 godina iskustva u upravljanju projektima i IT konzaltingu u me\u0111unarodnoj okolini. Iskustvo je stjecao u nekoliko kompanija, od toga 8 godina u Microsoftu na raznim pozicijama od konzultanta do pozicije Services Executivea odgovornog za razvoj i prodaju usluga, te upravljanje portfeljem i\u00a0 programima implementacije rje\u0161enja u Hrvatskoj i regiji. Trenutno u roli PM konzultanta pru\u017ea usluge savjetovanja i implementacije rje\u0161enja za upravljanje projektima. \u010cest je predava\u010d na raznim poslovnim, tehni\u010dkim i project management doga\u0111anjima.<\/p>\n<hr \/>\n<h2 id=\"HanaMartina\"><strong>Kako se pripremiti za javni nastup<\/strong><\/h2>\n<p style=\"text-align: justify;\">Svi se ponekad ili \u010de\u0161\u0107e nalazimo u situaciji da moramo govoriti u javnosti. Koliko god da se pripremali sami sa sobom u svojem prostoru, u kuhinji, kupaonici, vlastitom krevetu, prirodi, pred prijateljima, sve je to samo dio onoga \u0161to nas \u010deka kad uistinu stupimo pred publiku koja od nas o\u010dekuje \u010duti zanimljiv sadr\u017eaj. U tom nastupu \u017eelimo biti sigurni, sabrani i spremni na akciju.<br \/>\nPostoje razni trikovi javnog nastupa, me\u0111utim mi na\u0161im metodama poku\u0161avamo iz svakoga izvu\u0107i autenti\u010dnog govornika. To posti\u017eemo nizom\u00a0 gluma\u010dkih vje\u017ebi i metoda isprepletenih sa tjelesno-orijentiranim integrativnim pristupom.<\/p>\n<p style=\"text-align: justify;\">Na predavanju \u0107ete saznati:<br \/>\nKako postati karizmati\u010dan govornik?<br \/>\n\u0160to zna\u010di sabrati se i kako to u\u010diniti na najbr\u017ei na\u010din?<br \/>\nZa\u0161to je va\u017eno biti povezan sa svojim tijelom i kako to u\u010diniti?<br \/>\nKako se pripremaju vrhunski glumci za svoje nastupe?<br \/>\nKako prenijeti poruku publici sa emocijom koju \u017eelimo?<\/p>\n<p><strong><a href=\"http:\/\/pmi-osijek.com\/wp-content\/uploads\/2016\/03\/HanaMatejasic.jpg\" rel=\"attachment wp-att-1270\"><img loading=\"lazy\" decoding=\"async\" class=\"size-full wp-image-1270 alignleft\" src=\"http:\/\/pmi-osijek.com\/wp-content\/uploads\/2016\/03\/HanaMatejasic.jpg\" alt=\"HanaMatejasic\" width=\"150\" height=\"150\" \/><\/a>Hana Mateja\u0161i\u0107, dipl. psiholog i tjelesno-orijentirani terapeut<\/strong><br \/>\nZavr\u0161ila je psihologiju na Hrvatskim studijima u Zagrebu. Svoje \u0161kolovanje iz psihologije je nastavila na \u010detverogodi\u0161njoj edukaciji za tjelesno-orijentiranog terapeuta pri Centru za integrativni razvoj (CIR). U CIR-u je izme\u0111u ostaloga stekla i znanje iz plesa 5 ritmova, core energetike i obiteljskih konstalacija. Danas vodi i individualne terapije i grupne radionice. Poha\u0111ala je \u0161kolu glume &#8220;Kubus&#8221; u Zagrebu, te New Actors Workshop u New Yorku i mnogobrojne druge gluma\u010dke radionice temeljene na metodi M.\u010cehova i Stanislavskog. Danas glumi u gluma\u010dkoj skupini &#8220;To\u010dka na i&#8221;. U Nizozemskoj i Ma\u0111arskoj je poha\u0111ala radionice &#8220;Common Sense&#8221;, temeljene na art psihoterapiji i igri, a i pro\u0161le godine je tako\u0111er pro\u0161la i izazovan &#8220;Basic Synergy Training&#8221;. Tako\u0111er ima nekoliko godina iskustva rada u tvrtki kao organizacijski psiholog u Odjelu ljudskih potencijala.<\/p>\n<p style=\"text-align: justify;\"><strong><a href=\"http:\/\/pmi-osijek.com\/wp-content\/uploads\/2016\/03\/MartinaBiljan.jpg\" rel=\"attachment wp-att-1272\"><img loading=\"lazy\" decoding=\"async\" class=\"size-full wp-image-1272 alignleft\" src=\"http:\/\/pmi-osijek.com\/wp-content\/uploads\/2016\/03\/MartinaBiljan.jpg\" alt=\"MartinaBiljan\" width=\"150\" height=\"150\" \/><\/a>Martina Biljan, dipl. glumica i novinarka<\/strong><br \/>\nNakon studija novinarstva, zavr\u0161ava poslijediplomski studij glume u Rijeci, u klasi Rade \u0160erbed\u017eije. Zadnjih 10 godina je posve\u0107ena glumi, te gluma\u010dko iskustvo i znanje stje\u010de preko mnogih gluma\u010dkih radionica koje je polazila u Hrvatskoj, al i inozemstvu. U New Yorku je poha\u0111ala poznatu gluma\u010dku \u0161kolu New York Film Academy. Do sada je odr\u017eala brojne gluma\u010dke radionice za djecu, mlade i odrasle. Aktivno se bavi glumom (kazali\u0161te, tv serije i film). Sa partnerom pokre\u0107e filmski festival KRATKI NA BRZINU. U pedago\u0161kom i istra\u017eiva\u010dkom radu koristi se mnogim gluma\u010dkim tehnikama i metodama koje je do sada upoznavala i u\u010dila, te kombinacijom istih nastoji prona\u0107i najbolji put za polaznika.<\/p>\n<hr \/>\n<h2 id=\"Anicin\"><strong>Za\u0161to su Bussiness Analysis procesi nezaobilazni u velikim projektima<br \/>\n<\/strong><\/h2>\n<p style=\"text-align: justify;\">Partnerstvo Projektnih Menad\u017eera i Biznis Analiti\u010dara je jedan od klju\u010dnih faktora uspjeha IT projekta. Pre\u010desta je praksa da se Biznis analiza u IT projektima smatra usputnom stavkom koja \u0107e se raditi \u201e&#8230;onako, u toku samog projekta&#8230;\u201c. Tako\u0111er je \u010desta praksa da se svi BA poslovi pripisuju kao obaveza Projektnom Menad\u017eeru. Samim tim, uloga Biznis analiti\u010dara i business analize je nerijetko podcjenjena, a upravo BA i BA tim su presudni za \u010ditav niz uspje\u0161nih ili neuspje\u0161nih rezultata koji \u0107e se kasnije kreirati na projektu. Kako definirati i uspostaviti ovo partnerstvo? Kako ustanoviti partnerstvo u jednoj osobi koja treba istovremeno biti i PM i BA? Kakvo je, uop\u0107e, razumijevanje requirements management-a u \u017eivotnom ciklusu projekta? Postoji li ji svijest da je BA ciklus mnogo \u0161iri od projektnog ciklusa na jednom projektu?<\/p>\n<p style=\"text-align: justify;\"><a href=\"http:\/\/pmi-osijek.com\/wp-content\/uploads\/2015\/03\/MiroslavAnicin.jpg\"><img loading=\"lazy\" decoding=\"async\" class=\" size-full wp-image-271 alignleft\" src=\"http:\/\/pmi-osijek.com\/wp-content\/uploads\/2015\/03\/MiroslavAnicin.jpg\" alt=\"MiroslavAnicin\" width=\"136\" height=\"136\" \/><\/a><strong>Miroslav Ani\u010din, MScEE, PMP, CBAP, CSM, CSPO <\/strong><br \/>\nRo\u0111en u Zadru, gdje je zavr\u0161io Gimnaziju. Diplomirao je elektrotehniku na Elektrotehni\u010dkom fakultetu u Zagrebu, smjer Radiokomunikacije i profesionalna elektronika. Radi kao Glavni konzultanta za poslovna rje\u0161enja na velikim projektima. U okviru Kompanije, uz poslove konzultanta i projektnog menad\u017eera, zadu\u017een je i za upravljanje timom projektnih menad\u017eera u okviru PMTO. Predsjednik je PMI ogranka Srbija (Me\u0111unarodni institut za projektni menad\u017ement), podpredsednik IIBA ogranka Srbija (Me\u0111unarodni institut za poslovnu analizu), te inicijator osnivanja ABPMP ogranka Srbija (Me\u0111unarodna asocijacija profesionalaca za upravljanje poslovnim procesima). Preko 20 godina radi u okru\u017eenju upravljanja projektima, poslovne analize i upravljanja poslovnim procesima. Vodio je brojne uspje\u0161ne projekte, uglavnom u domeni IT i unaprije\u0111enja poslovnih procesa. Upravljao je projektima implementacija ERP sistema (MS NAV i SAP), kao i projektima razvoja razli\u010ditih aplikativnih re\u0161enja.<\/p>\n<hr \/>\n<h2 id=\"Nenad\"><strong>Stalna na tom svijetu, samo mijena jest &#8230;<\/strong><\/h2>\n<p style=\"text-align: justify;\">Ostvarenjem planiranih ciljeva, projekti nose promjene u svakodnevnim radnim procedurama, organizacijama, navikama&#8230;<br \/>\nVeliki projekti, u pravilu promjenama zahva\u0107aju i veliki broj onih koji nisu bili direktno uklju\u010deni u projekt, onih koji se nisu imali priliku izjasniti o planiranim ciljevima, ali i onih koji \u010dak nisu niti znali za projekt koji \u0107e nekim dijelom promijeniti njihove \u017eivote. Ukoliko postoji kriti\u010dna masa onih koji su ovim promjenama nezadovoljni, projekt ima veliku \u0161ansu za neuspjeh, unato\u010d tomu \u0161to su sve planirane aktivnosti na projektu dovr\u0161ene uspje\u0161no.<br \/>\nDrugim rije\u010dima, upravljanje promjenama (Change Management) je jo\u0161 jedan dodatni (i jednako zahtjevan) projekt koji se \u010desto sakriva ispod tepiha.<\/p>\n<p style=\"text-align: justify;\"><strong><a href=\"http:\/\/pmi-osijek.com\/wp-content\/uploads\/2016\/03\/NenadBestvina.jpg\" rel=\"attachment wp-att-1230\"><img loading=\"lazy\" decoding=\"async\" class=\"size-full wp-image-1230 alignleft\" src=\"http:\/\/pmi-osijek.com\/wp-content\/uploads\/2016\/03\/NenadBestvina.jpg\" alt=\"NenadBestvina\" width=\"150\" height=\"162\" \/><\/a>Nenad Bestvina, PMP<br \/>\n<\/strong>Diplomirao na ETF Zagreb (danas FER).<br \/>\nPo\u010detkom devedesetih s grupom istomi\u0161ljenika osniva tvrtku Spin, u kojoj je prisutan i danas (kao i cijela osniva\u010dka grupa). Od samog po\u010detka, radi na informati\u010dkim projektima u svim ulogama (vo\u0111enje projekta, sistem analiza, projektiranje IS, programiranje, implementacija&#8230;). Pro\u0161ao je cijeli niz platformi kojih se danas rijetko tko i sje\u0107a (DOS, UNIX, QNX, Novell, &#8230;).<br \/>\nOd 2005. vodi projekate razvoja i implementacije Jupiter Software-a. u proizvodnim poslovnim sustavima\u00a0 (Kandit, Mlinar, Agrokor, Ireks Aroma,\u00a0 \u017dito, Koestlin, Osatina&#8230;. )<br \/>\nRedovni je predava\u010d na PMI Forumu, PMIDayz i Kulendayz konferencijama. Voditelj je PMI ogranka Osijek, i \u010dlan izvr\u0161nog odbora PMI Hrvatska. Certificirani je Project Management Professional (PMP).<br \/>\nU slobodno vrijeme slu\u0161a jazz, vozi bicikl i kuha&#8230;<\/p>\n","protected":false},"excerpt":{"rendered":"<p>Za\u0161to je direktor odabrao ba\u0161 nju za tajnicu? Kako razgovarati sa \u017eenom kada mi nije do razgovora? \u010cija majka crnu vunu prede? Odgovore na ta i mnoga druga pitanja mo\u017eete na\u0107i na cjelodnevnoj radionici pod nazivom: Klasi\u010dno: Komunikacija \u2013 motivacija i tim \u2013 zahtjevne situacije IT-jevski: Hardware &amp; BIOS \u2013 programi i kolaboracija \u2013 user [&hellip;]<\/p>\n","protected":false},"author":1,"featured_media":0,"parent":0,"menu_order":0,"comment_status":"closed","ping_status":"closed","template":"page-templates\/full-width.php","meta":{"ngg_post_thumbnail":0,"footnotes":""},"class_list":["post-1194","page","type-page","status-publish","hentry"],"_links":{"self":[{"href":"https:\/\/pmi-osijek.com\/index.php?rest_route=\/wp\/v2\/pages\/1194","targetHints":{"allow":["GET"]}}],"collection":[{"href":"https:\/\/pmi-osijek.com\/index.php?rest_route=\/wp\/v2\/pages"}],"about":[{"href":"https:\/\/pmi-osijek.com\/index.php?rest_route=\/wp\/v2\/types\/page"}],"author":[{"embeddable":true,"href":"https:\/\/pmi-osijek.com\/index.php?rest_route=\/wp\/v2\/users\/1"}],"replies":[{"embeddable":true,"href":"https:\/\/pmi-osijek.com\/index.php?rest_route=%2Fwp%2Fv2%2Fcomments&post=1194"}],"version-history":[{"count":1,"href":"https:\/\/pmi-osijek.com\/index.php?rest_route=\/wp\/v2\/pages\/1194\/revisions"}],"predecessor-version":[{"id":1430,"href":"https:\/\/pmi-osijek.com\/index.php?rest_route=\/wp\/v2\/pages\/1194\/revisions\/1430"}],"wp:attachment":[{"href":"https:\/\/pmi-osijek.com\/index.php?rest_route=%2Fwp%2Fv2%2Fmedia&parent=1194"}],"curies":[{"name":"wp","href":"https:\/\/api.w.org\/{rel}","templated":true}]}}